?
True
Is 61 a factor of 947056889?
False
Is 3 a factor of 91491259?
False
Does 9 divide 143672907?
False
Is 305 a factor of 102565705?
True
Is 111661959 a multiple of 198?
False
Is 2182661 a multiple of 15?
False
Is 9666823 a multiple of 199?
True
Is 2175966 a multiple of 234?
True
Is 1401 a factor of 31784058?
False
Does 1800 divide 460650600?
True
Does 717 divide 470933487?
True
Is 6 a factor of 24265218?
True
Is 49 a factor of 3759803638?
False
Is 96597339 a multiple of 715?
False
Is 305983766 a multiple of 22?
True
Is 1407 a factor of 2579098198?
False
Does 12 divide 493396933?
False
Is 16052232 a multiple of 28?
True
Does 80 divide 46582000?
True
Is 29 a factor of 62097265?
True
Does 4134 divide 172321656?
True
Is 6 a factor of 112830138?
True
Is 994 a factor of 453999?
False
Does 4 divide 13944391?
False
Does 75 divide 241235925?
True
Does 4 divide 8734212?
True
Does 879 divide 12138111?
True
Is 161057127 a multiple of 5?
False
Is 67 a factor of 1135784?
True
Is 431 a factor of 74252410?
False
Is 1088 a factor of 207915712?
True
Does 117 divide 2524472847?
True
Is 12 a factor of 256338984?
True
Is 16 a factor of 5559904821?
False
Is 449942088 a multiple of 12?
True
Does 2229 divide 3747018099?
True
Does 1627 divide 83762910?
False
Is 357135178 a multiple of 334?
True
Is 197365728 a multiple of 16?
True
Does 2379 divide 109916937?
True
Does 12 divide 21025484?
False
Does 5 divide 242466888?
False
Does 48 divide 8053589?
False
Is 261 a factor of 10074078?
True
Is 293779079 a multiple of 11?
True
Does 166 divide 63545132?
True
Does 653 divide 1247043638?
False
Is 135 a factor of 24430810?
False
Is 101 a factor of 3499044?
True
Does 347 divide 27714062?
False
Is 7090 a factor of 155384440?
True
Is 5650211 a multiple of 20?
False
Is 171 a factor of 655545942?
True
Is 43 a factor of 1891756491?
True
Is 44 a factor of 33511351?
False
Is 1503 a factor of 71573516?
False
Is 367043139 a multiple of 1233?
True
Is 110 a factor of 51023917?
False
Is 6 a factor of 18610400?
False
Does 474 divide 1283823?
False
Is 35857759 a multiple of 161?
True
Does 71 divide 50170320?
False
Does 10 divide 25243446?
False
Does 1139 divide 57807837?
False
Is 55 a factor of 917714900?
False
Is 67774156 a multiple of 36?
False
Does 692 divide 284735802?
False
Does 162 divide 2856384?
True
Does 19 divide 3228523196?
False
Is 1471 a factor of 1327746672?
False
Is 3 a factor of 7177662?
True
Does 1288 divide 165012120?
True
Does 75 divide 31495275?
True
Does 21 divide 1131417514?
False
Is 8787415 a multiple of 88?
False
Is 2047175740 a multiple of 20?
True
Is 228 a factor of 452327148?
True
Is 12 a factor of 323369436?
True
Does 57 divide 105692478?
True
Is 1130370970 a multiple of 4490?
True
Is 1375 a factor of 369749875?
True
Is 1438028046 a multiple of 234?
True
Does 807 divide 2123965089?
True
Is 3210166717 a multiple of 1872?
False
Is 141187371 a multiple of 1811?
True
Is 217 a factor of 73937976?
True
Is 1304178996 a multiple of 412?
True
Is 60 a factor of 74709720?
True
Does 579 divide 2099945524?
False
Is 1719 a factor of 1078427841?
False
Is 343680526 a multiple of 17?
False
Is 689 a factor of 244952578?
False
Is 167728284 a multiple of 115?
False
Does 402 divide 2362061?
False
Is 81 a factor of 52208719?
False
Is 2 a factor of 1137149?
False
Is 30 a factor of 23512070?
False
Is 3640 a factor of 1260643457?
False
Is 17 a factor of 63468973?
True
Is 3 a factor of 20792027?
False
Is 453 a factor of 111354737?
False
Is 892 a factor of 300134808?
True
Is 5345 a factor of 334933735?
True
Does 357 divide 776194398?
True
Is 172850714 a multiple of 146?
True
Does 990 divide 238715321?
False
Does 16 divide 425011005?
False
Is 8 a factor of 53002176?
True
Is 411498875 a multiple of 415?
False
Is 957570114 a multiple of 27?
False
Is 211 a factor of 45554290?
False
Is 138343350 a multiple of 150?
True
Is 102359835 a multiple of 421?
True
Is 12 a factor of 830551092?
True
Is 13 a factor of 11034556?
True
Is 4431525 a multiple of 175?
True
Does 65 divide 137309640?
True
Is 9394517 a multiple of 3?
False
Is 482 a factor of 42253084?
True
Is 1671635940 a multiple of 3341?
True
Is 60 a factor of 291123069?
False
Is 23399231 a multiple of 17?
False
Is 38197164 a multiple of 6?
True
Is 101013864 a multiple of 168?
True
Is 97 a factor of 239722017?
True
Does 70 divide 187048190?
True
Is 99361591 a multiple of 107?
True
Is 24 a factor of 214457376?
True
Is 63 a factor of 9187067?
False
Is 1644 a factor of 131386836?
True
Is 11 a factor of 22705155?
True
Is 19708200 a multiple of 75?
True
Does 1722 divide 486241052?
False
Does 21 divide 14644896?
True
Is 150436908 a multiple of 10?
False
Does 42 divide 18415236?
True
Does 2419 divide 43350625?
False
Does 103 divide 12040494?
True
Is 35 a factor of 41276204?
False
Does 1135 divide 120969435?
True
Is 3257100 a multiple of 11?
True
Does 1742 divide 16805337?
False
Does 37 divide 5674764?
True
Does 3 divide 75186?
True
Is 63 a factor of 116251758?
True
Does 138 divide 471074031?
False
Is 228429404 a multiple of 32?
False
Does 198 divide 83488961?
False
Is 153083415 a multiple of 390?
False
Does 13 divide 62510591?
True
Is 7 a factor of 890050?
True
Is 1171074069 a multiple of 8?
False
Is 89106028 a multiple of 22?
True
Is 600 a factor of 281047800?
True
Is 73267107 a multiple of 2392?
False
Is 6472562 a multiple of 5?
False
Is 21717735 a multiple of 27?
False
Is 3238825044 a multiple of 28?
True
Is 62758610 a multiple of 10?
True
Is 848234480 a multiple of 380?
True
Is 73 a factor of 217521750?
True
Is 913 a factor of 217704843?
False
Does 122 divide 17164806?
False
Does 17 divide 482414163?
False
Is 5 a factor of 786770145?
True
Does 13 divide 10512294?
True
Is 451 a factor of 72426541?
True
Does 28 divide 14724052?
True
Is 5 a factor of 3335477?
False
Is 47 a factor of 39642056?
True
Does 50 divide 313033050?
True
Is 5214928 a multiple of 600?
False
Is 953553844 a multiple of 388?
True
Does 1339 divide 2142848565?
True
Does 2734 divide 8584760?
True
Does 1045 divide 64589483?
False
Does 3680 divide 102905780?
False
Is 37 a factor of 37103563?
True
Is 38887795 a multiple of 16?
False
Does 245 divide 680884645?
True
Is 100 a factor of 1004737700?
True
Does 45 divide 1361206?
False
Is 935819017 a multiple of 7?
True
Is 176252496 a multiple of 46?
True
Does 1389 divide 576186369?
True
Is 284 a factor of 399987834?
False
Is 5 a factor of 733160?
True
Is 562 a factor of 756110304?
True
Is 33808436 a multiple of 46?
True
Is 10753211 a multiple of 89?
False
Is 715454109 a multiple of 54?
False
Is 2 a factor of 5269944?
True
Is 381 a factor of 123289695?
True
Does 2223 divide 815816547?
True
Does 1732 divide 87192344?
True
Does 13 divide 102079484?
True
Does 9 divide 189395505?
True
Is 11 a factor of 80644322?
True
Is 289398800 a multiple of 14?
False
Is 317008333 a multiple of 391?
True
Is 90310770 a multiple of 554?
False
Is 978166013 a multiple of 258?
False
Does 230 divide 760782040?
True
Does 35 divide 1379989825?
False
Does 7 divide 779653278?
False
Is 129 a factor of 127032879?
True
Is 5 a factor of 317961735?
True
Does 12 divide 73353675?
False
Does 101 divide 855292?
False
Is 194193916 a multiple of 28?
True
Is 3151 a factor of 299133883?
True
Does 78 divide 263659110?
True
Is 35 a factor of 14387450?
True
Does 30 divide 10322831?
False
Is 234752735 a multiple of 35?
True
Is 250 a factor of 61623709?
False
Does 3 divide 67536405?
True
Is 3 a factor of 86223832?
False
Does 30 divide 102082860?
True
Is 396 a factor of 122308991?
False
Is 342 a factor of 13110813?
False
Is 529793467 a multiple of 18?
False
Is 21 a factor of 164427837?
True
Does 45 divide 42905422?
False
Is 9 a factor of 92425083?
False
Is 91 a factor of 40615366?
False
Is 10355798 a multiple of 38?
True
Is 187173778 a multiple of 2575?
False
Is 63 a factor of 37912568?
False
Is 327600 a multiple of 3640?
True
Is 49373970 a multiple of 57?
True
Is 1055937008 a multiple of 56?
True
Does 32 divide 10884352?
True
Is 11 a factor of 47156341?
False
Is 50 a factor of 38972997?
False
Does 804 divide 806971428?
False
Does 37 divide 4417914259?
False
Is 30 a factor of 8456695?
False
Is 738728970 a multiple of 2735?
True
Does 5056 divide 556587923?
False
Is 125 a factor of 16754